{"id":2581,"date":"2025-07-02T14:04:04","date_gmt":"2025-07-02T14:04:04","guid":{"rendered":"https:\/\/pafnsasuncion2025.com\/?page_id=2581"},"modified":"2025-07-10T17:39:49","modified_gmt":"2025-07-10T17:39:49","slug":"certificados-2025","status":"publish","type":"page","link":"https:\/\/pafns2027montevideo.com\/index.php\/certificados-2025\/","title":{"rendered":"Certificados 2025"},"content":{"rendered":"<style>.elementor-2581 .elementor-element.elementor-element-8667fe4{--spacer-size:50px;}.elementor-2581 .elementor-element.elementor-element-d9750c0{text-align:center;}.elementor-2581 .elementor-element.elementor-element-d9750c0 .elementor-heading-title{font-family:\"Roboto\", Sans-serif;font-size:40px;font-weight:900;color:#440570;}.elementor-2581 .elementor-element.elementor-element-62a5c3a{text-align:center;font-family:\"Roboto\", Sans-serif;font-size:18px;font-weight:300;line-height:21px;letter-spacing:0.1px;word-spacing:5px;color:#440570;}.elementor-2581 .elementor-element.elementor-element-62a5c3a > .elementor-widget-container{margin:5px 5px 5px 5px;padding:-2px -2px -2px -2px;}:root{--page-title-display:none;}<\/style>\t\t<div data-elementor-type=\"wp-page\" data-elementor-id=\"2581\" class=\"elementor elementor-2581\" data-elementor-post-type=\"page\">\n\t\t\t\t\t\t<section class=\"elementor-section elementor-top-section elementor-element elementor-element-ba8884f elementor-section-boxed elementor-section-height-default elementor-section-height-default\" data-id=\"ba8884f\" data-element_type=\"section\" data-e-type=\"section\">\n\t\t\t\t\t\t<div class=\"elementor-container elementor-column-gap-default\">\n\t\t\t\t\t<div class=\"elementor-column elementor-col-100 elementor-top-column elementor-element elementor-element-1e7aae3\" data-id=\"1e7aae3\" data-element_type=\"column\" data-e-type=\"column\">\n\t\t\t<div class=\"elementor-widget-wrap elementor-element-populated\">\n\t\t\t\t\t\t<div class=\"elementor-element elementor-element-8667fe4 elementor-widget elementor-widget-spacer\" data-id=\"8667fe4\" data-element_type=\"widget\" data-e-type=\"widget\" data-widget_type=\"spacer.default\">\n\t\t\t\t<div class=\"elementor-widget-container\">\n\t\t\t\t\t\t\t<div class=\"elementor-spacer\">\n\t\t\t<div class=\"elementor-spacer-inner\"><\/div>\n\t\t<\/div>\n\t\t\t\t\t\t<\/div>\n\t\t\t\t<\/div>\n\t\t\t\t<div class=\"elementor-element elementor-element-d9750c0 elementor-invisible elementor-widget elementor-widget-heading\" data-id=\"d9750c0\" data-element_type=\"widget\" data-e-type=\"widget\" data-settings=\"{&quot;_animation&quot;:&quot;fadeIn&quot;}\" data-widget_type=\"heading.default\">\n\t\t\t\t<div class=\"elementor-widget-container\">\n\t\t\t\t\t<h1 class=\"elementor-heading-title elementor-size-default\">DESCARGA TU CERTIFICADO AQU\u00cd<\/h1>\t\t\t\t<\/div>\n\t\t\t\t<\/div>\n\t\t\t\t\t<\/div>\n\t\t<\/div>\n\t\t\t\t\t<\/div>\n\t\t<\/section>\n\t\t\t\t<section class=\"elementor-section elementor-top-section elementor-element elementor-element-246e9c7 elementor-section-boxed elementor-section-height-default elementor-section-height-default\" data-id=\"246e9c7\" data-element_type=\"section\" data-e-type=\"section\">\n\t\t\t\t\t\t<div class=\"elementor-container elementor-column-gap-default\">\n\t\t\t\t\t<div class=\"elementor-column elementor-col-100 elementor-top-column elementor-element elementor-element-6106938\" data-id=\"6106938\" data-element_type=\"column\" data-e-type=\"column\">\n\t\t\t<div class=\"elementor-widget-wrap elementor-element-populated\">\n\t\t\t\t\t\t<div class=\"elementor-element elementor-element-62a5c3a elementor-widget elementor-widget-text-editor\" data-id=\"62a5c3a\" data-element_type=\"widget\" data-e-type=\"widget\" data-widget_type=\"text-editor.default\">\n\t\t\t\t<div class=\"elementor-widget-container\">\n\t\t\t\t\t\t\t\t\t<p>Ingresa tus datos y encuentra tu certificado del <b>XVII Congreso Panamericano de Neurolog\u00eda Asunci\u00f3n 2025:<\/b><\/p>\t\t\t\t\t\t\t\t<\/div>\n\t\t\t\t<\/div>\n\t\t\t\t\t<\/div>\n\t\t<\/div>\n\t\t\t\t\t<\/div>\n\t\t<\/section>\n\t\t\t\t<section class=\"elementor-section elementor-top-section elementor-element elementor-element-77eb5aa elementor-section-boxed elementor-section-height-default elementor-section-height-default\" data-id=\"77eb5aa\" data-element_type=\"section\" data-e-type=\"section\">\n\t\t\t\t\t\t<div class=\"elementor-container elementor-column-gap-default\">\n\t\t\t\t\t<div class=\"elementor-column elementor-col-100 elementor-top-column elementor-element elementor-element-c46232d\" data-id=\"c46232d\" data-element_type=\"column\" data-e-type=\"column\">\n\t\t\t<div class=\"elementor-widget-wrap elementor-element-populated\">\n\t\t\t\t\t\t<div class=\"elementor-element elementor-element-b1c53db elementor-widget elementor-widget-html\" data-id=\"b1c53db\" data-element_type=\"widget\" data-e-type=\"widget\" data-widget_type=\"html.default\">\n\t\t\t\t<div class=\"elementor-widget-container\">\n\t\t\t\t\t<!DOCTYPE html>\n<html lang=\"es\">\n<head>\n<meta charset=\"UTF-8\">\n<meta name=\"viewport\" content=\"width=device-width, initial-scale=1.0\">\n<title>Certificados Grupo Milenium<\/title>\n<style>\n:root {\n  --bg-box: #f2f2f2;\n  --accent: #440570;\n  --accent-light: #7a45aa;\n  --error: #d00000;\n}\nbody {\n  margin: 0;\n  padding: 0;\n  font-family: 'Segoe UI', Tahoma, Geneva, Verdana, sans-serif;\n  color: black;\n  background-color: white;\n}\n.seccion-certificados {\n  width: 100%;\n  padding: 4rem 1rem;\n  display: flex;\n  justify-content: center;\n}\n.contenedor {\n  width: 100%;\n  max-width: 700px;\n  display: flex;\n  flex-direction: column;\n  align-items: center;\n}\nh2 {\n  text-align: center;\n  font-size: 2rem;\n  margin-bottom: 2rem;\n}\n.buscador {\n  width: 100%;\n  background-color: var(--bg-box);\n  padding: 2rem;\n  border-radius: 16px;\n  box-shadow: 0 8px 24px rgba(0, 0, 0, 0.1);\n  display: flex;\n  flex-direction: column;\n  gap: 1rem;\n}\ninput, button {\n  width: 100%;\n  padding: 0.75rem 1rem;\n  font-size: 1rem;\n  border: 1px solid #ccc;\n  border-radius: 12px;\n  outline: none;\n}\ninput::placeholder {\n  color: #777;\n}\ninput {\n  background-color: white;\n  color: black;\n  font-weight: normal;\n}\nbutton {\n  background: var(--accent);\n  color: white;\n  font-weight: bold;\n  cursor: pointer;\n  transition: opacity 0.2s ease, transform 0.2s ease;\n}\nbutton:hover {\n  opacity: 0.9;\n  transform: scale(1.01);\n}\n#resultado {\n  margin-top: 2rem;\n  width: 100%;\n  text-align: center;\n}\ntable {\n  width: 100%;\n  border-collapse: collapse;\n  background: #fff;\n  border-radius: 12px;\n  overflow: hidden;\n  margin-top: 1rem;\n  box-shadow: 0 4px 10px rgba(0,0,0,0.05);\n}\nth, td {\n  padding: 12px;\n  text-align: center;\n  color: black;\n}\nth {\n  background-color: var(--accent-light);\n  color: white;\n}\ntr:nth-child(even) {\n  background-color: #f9f9f9;\n}\n.boton-descargar {\n  background: var(--accent);\n  color: white;\n  padding: 8px 14px;\n  border-radius: 8px;\n  text-decoration: none;\n  font-weight: bold;\n}\n.boton-descargar:hover {\n  background: var(--accent-light);\n}\n.spinner {\n  font-style: italic;\n  color: #555;\n}\n<\/style>\n<\/head>\n<body>\n\n<div class=\"seccion-certificados\">\n  <div class=\"contenedor\">\n    <div class=\"buscador\">\n      <input type=\"text\" id=\"nombre\" placeholder=\"Escribe tus apellidos aqu\u00ed\">\n      <button onclick=\"buscarCertificado()\">Buscar<\/button>\n    <\/div>\n    <div id=\"resultado\"><\/div>\n  <\/div>\n<\/div>\n\n<script>\ndocument.getElementById(\"nombre\").addEventListener(\"keydown\", function(event) {\n  if (event.key === \"Enter\") buscarCertificado();\n});\n\nasync function buscarCertificado() {\n  const resultadoDiv = document.getElementById(\"resultado\");\n  resultadoDiv.innerHTML = \"<p class='spinner'>\ud83d\udd0d Buscando certificados...<\/p>\";\n\n  const nombreValor = document.getElementById('nombre').value.trim().toLowerCase();\n\n  if (!nombreValor) {\n    resultadoDiv.innerHTML = `<p style='color: var(--error);'>\u26a0\ufe0f Por favor, ingresa tu nombre.<\/p>`;\n    return;\n  }\n\n  const url = \"https:\/\/docs.google.com\/spreadsheets\/d\/1mKAu3CgA3FT72SG8aTtXkw2fd-_4QObC\/gviz\/tq?tqx=out:json&gid=1280922468\";\n\n  try {\n    const res = await fetch(url);\n    const text = await res.text();\n    const json = JSON.parse(text.substring(47).slice(0, -2));\n    const filas = json.table.rows;\n\n    const resultados = filas.filter(f => {\n      const nombre = f.c[0]?.v?.toLowerCase() || \"\";\n      return nombre.includes(nombreValor) && f.c[2]?.v;\n    });\n\n    if (resultados.length > 0) {\n      let html = `<p>\u2705 Se encontraron ${resultados.length} certificado(s):<\/p>`;\n      html += `<table><thead><tr><th>Nombre<\/th><th>Categor\u00eda<\/th><th>Certificado<\/th><\/tr><\/thead><tbody>`;\n      resultados.forEach(f => {\n        html += `<tr><td>${f.c[0]?.v}<\/td><td>${f.c[1]?.v || 'Sin categor\u00eda'}<\/td><td><a class=\"boton-descargar\" href=\"${f.c[2]?.v}\" target=\"_blank\">Descargar<\/a><\/td><\/tr>`;\n      });\n      html += `<\/tbody><\/table>`;\n      resultadoDiv.innerHTML = html;\n    } else {\n      resultadoDiv.innerHTML = `<p style='color: var(--error);'>\u274c No se encontraron certificados para ese nombre.<\/p>`;\n    }\n  } catch (error) {\n    console.error(error);\n    resultadoDiv.innerHTML = `<p style='color: var(--error);'>\u26a0\ufe0f Error al consultar los datos.<\/p>`;\n  }\n}\n<\/script>\n\n<\/body>\n<\/html>\n\t\t\t\t<\/div>\n\t\t\t\t<\/div>\n\t\t\t\t\t<\/div>\n\t\t<\/div>\n\t\t\t\t\t<\/div>\n\t\t<\/section>\n\t\t\t\t<\/div>\n\t\t","protected":false},"excerpt":{"rendered":"<p>DESCARGA TU CERTIFICADO AQU\u00cd Ingresa tus datos y encuentra tu certificado del XVII Congreso Panamericano de Neurolog\u00eda Asunci\u00f3n 2025: Certificados Grupo Milenium Buscar<\/p>\n","protected":false},"author":9,"featured_media":0,"parent":0,"menu_order":0,"comment_status":"closed","ping_status":"closed","template":"","meta":{"footnotes":""},"class_list":["post-2581","page","type-page","status-publish","hentry"],"_links":{"self":[{"href":"https:\/\/pafns2027montevideo.com\/index.php\/wp-json\/wp\/v2\/pages\/2581","targetHints":{"allow":["GET"]}}],"collection":[{"href":"https:\/\/pafns2027montevideo.com\/index.php\/wp-json\/wp\/v2\/pages"}],"about":[{"href":"https:\/\/pafns2027montevideo.com\/index.php\/wp-json\/wp\/v2\/types\/page"}],"author":[{"embeddable":true,"href":"https:\/\/pafns2027montevideo.com\/index.php\/wp-json\/wp\/v2\/users\/9"}],"replies":[{"embeddable":true,"href":"https:\/\/pafns2027montevideo.com\/index.php\/wp-json\/wp\/v2\/comments?post=2581"}],"version-history":[{"count":34,"href":"https:\/\/pafns2027montevideo.com\/index.php\/wp-json\/wp\/v2\/pages\/2581\/revisions"}],"predecessor-version":[{"id":2621,"href":"https:\/\/pafns2027montevideo.com\/index.php\/wp-json\/wp\/v2\/pages\/2581\/revisions\/2621"}],"wp:attachment":[{"href":"https:\/\/pafns2027montevideo.com\/index.php\/wp-json\/wp\/v2\/media?parent=2581"}],"curies":[{"name":"wp","href":"https:\/\/api.w.org\/{rel}","templated":true}]}}