{"id":178,"date":"2023-02-14T23:00:29","date_gmt":"2023-02-14T23:00:29","guid":{"rendered":"https:\/\/pafnsasuncion2025.com\/?page_id=178"},"modified":"2025-05-13T15:34:34","modified_gmt":"2025-05-13T15:34:34","slug":"como-convertirse-en-auspiciador","status":"publish","type":"page","link":"https:\/\/pafns2027montevideo.com\/index.php\/como-convertirse-en-auspiciador\/","title":{"rendered":"\u00bfC\u00f3mo convertirse en auspiciador?"},"content":{"rendered":"<style>.elementor-178 .elementor-element.elementor-element-220a1a6 > .elementor-container{max-width:700px;}.elementor-178 .elementor-element.elementor-element-220a1a6 > .elementor-container > .elementor-column > .elementor-widget-wrap{align-content:center;align-items:center;}.elementor-178 .elementor-element.elementor-element-220a1a6:not(.elementor-motion-effects-element-type-background), .elementor-178 .elementor-element.elementor-element-220a1a6 > .elementor-motion-effects-container > .elementor-motion-effects-layer{background-color:#450770;}.elementor-178 .elementor-element.elementor-element-220a1a6{transition:background 0.3s, border 0.3s, border-radius 0.3s, box-shadow 0.3s;padding:100px 0px 100px 0px;}.elementor-178 .elementor-element.elementor-element-220a1a6 > .elementor-background-overlay{transition:background 0.3s, border-radius 0.3s, opacity 0.3s;}.elementor-178 .elementor-element.elementor-element-2581818b{text-align:center;}.elementor-178 .elementor-element.elementor-element-2581818b .elementor-heading-title{font-family:\"Roboto\", Sans-serif;font-size:47px;font-weight:600;line-height:55px;color:#ffffff;}.elementor-178 .elementor-element.elementor-element-35c86c88 > .elementor-container{max-width:1000px;}.elementor-178 .elementor-element.elementor-element-35c86c88 > .elementor-container > .elementor-column > .elementor-widget-wrap{align-content:center;align-items:center;}.elementor-178 .elementor-element.elementor-element-914c5e9{--spacer-size:50px;}.elementor-178 .elementor-element.elementor-element-cc34cd8{font-family:\"Roboto\", Sans-serif;font-size:20px;font-weight:300;color:#FFFFFF;}.elementor-178 .elementor-element.elementor-element-a95bbca .elementor-icon-box-wrapper{align-items:start;text-align:justify;gap:10px;}.elementor-178 .elementor-element.elementor-element-a95bbca.elementor-view-stacked .elementor-icon{background-color:#FFFFFF;fill:#450770;color:#450770;}.elementor-178 .elementor-element.elementor-element-a95bbca.elementor-view-framed .elementor-icon, .elementor-178 .elementor-element.elementor-element-a95bbca.elementor-view-default .elementor-icon{fill:#FFFFFF;color:#FFFFFF;border-color:#FFFFFF;}.elementor-178 .elementor-element.elementor-element-a95bbca.elementor-view-framed .elementor-icon{background-color:#450770;}.elementor-178 .elementor-element.elementor-element-a95bbca .elementor-icon{font-size:15px;}.elementor-178 .elementor-element.elementor-element-a95bbca .elementor-icon-box-title, .elementor-178 .elementor-element.elementor-element-a95bbca .elementor-icon-box-title a{font-family:\"Roboto\", Sans-serif;font-size:15px;font-weight:900;}.elementor-178 .elementor-element.elementor-element-a95bbca .elementor-icon-box-title{color:#FFFFFF;}.elementor-178 .elementor-element.elementor-element-a95bbca .elementor-icon-box-description{font-family:\"Roboto\", Sans-serif;font-size:17px;font-weight:400;color:#FFFFFF;}.elementor-178 .elementor-element.elementor-element-6b87de6 .elementor-icon-box-wrapper{align-items:start;text-align:justify;gap:10px;}.elementor-178 .elementor-element.elementor-element-6b87de6.elementor-view-stacked .elementor-icon{background-color:#FFFFFF;fill:#450770;color:#450770;}.elementor-178 .elementor-element.elementor-element-6b87de6.elementor-view-framed .elementor-icon, .elementor-178 .elementor-element.elementor-element-6b87de6.elementor-view-default .elementor-icon{fill:#FFFFFF;color:#FFFFFF;border-color:#FFFFFF;}.elementor-178 .elementor-element.elementor-element-6b87de6.elementor-view-framed .elementor-icon{background-color:#450770;}.elementor-178 .elementor-element.elementor-element-6b87de6 .elementor-icon{font-size:15px;}.elementor-178 .elementor-element.elementor-element-6b87de6 .elementor-icon-box-title, .elementor-178 .elementor-element.elementor-element-6b87de6 .elementor-icon-box-title a{font-family:\"Roboto\", Sans-serif;font-size:18px;font-weight:900;}.elementor-178 .elementor-element.elementor-element-6b87de6 .elementor-icon-box-title{color:#FFFFFF;}.elementor-178 .elementor-element.elementor-element-6b87de6 .elementor-icon-box-description{font-family:\"Roboto\", Sans-serif;font-size:17px;font-weight:400;color:#FFFFFF;}.elementor-178 .elementor-element.elementor-element-b17179c .elementor-icon-box-wrapper{align-items:start;text-align:justify;gap:10px;}.elementor-178 .elementor-element.elementor-element-b17179c.elementor-view-stacked .elementor-icon{background-color:#FFFFFF;fill:#450770;color:#450770;}.elementor-178 .elementor-element.elementor-element-b17179c.elementor-view-framed .elementor-icon, .elementor-178 .elementor-element.elementor-element-b17179c.elementor-view-default .elementor-icon{fill:#FFFFFF;color:#FFFFFF;border-color:#FFFFFF;}.elementor-178 .elementor-element.elementor-element-b17179c.elementor-view-framed .elementor-icon{background-color:#450770;}.elementor-178 .elementor-element.elementor-element-b17179c .elementor-icon{font-size:15px;}.elementor-178 .elementor-element.elementor-element-b17179c .elementor-icon-box-title, .elementor-178 .elementor-element.elementor-element-b17179c .elementor-icon-box-title a{font-family:\"Roboto\", Sans-serif;font-size:15px;font-weight:900;}.elementor-178 .elementor-element.elementor-element-b17179c .elementor-icon-box-title{color:#FFFFFF;}.elementor-178 .elementor-element.elementor-element-b17179c .elementor-icon-box-description{font-family:\"Roboto\", Sans-serif;font-size:17px;font-weight:400;color:#FFFFFF;}:root{--page-title-display:none;}@media(max-width:1024px){.elementor-178 .elementor-element.elementor-element-220a1a6{padding:100px 25px 100px 25px;}}@media(max-width:767px){.elementor-178 .elementor-element.elementor-element-220a1a6{padding:50px 20px 50px 20px;}}<\/style>\t\t<div data-elementor-type=\"wp-page\" data-elementor-id=\"178\" class=\"elementor elementor-178\" data-elementor-post-type=\"page\">\n\t\t\t\t\t\t<section class=\"elementor-section elementor-top-section elementor-element elementor-element-220a1a6 elementor-section-content-middle elementor-section-boxed elementor-section-height-default elementor-section-height-default\" data-id=\"220a1a6\" data-element_type=\"section\" data-e-type=\"section\" data-settings=\"{&quot;background_background&quot;:&quot;classic&quot;}\">\n\t\t\t\t\t\t<div class=\"elementor-container elementor-column-gap-no\">\n\t\t\t\t\t<div class=\"elementor-column elementor-col-100 elementor-top-column elementor-element elementor-element-5bcb5795\" data-id=\"5bcb5795\" data-element_type=\"column\" data-e-type=\"column\">\n\t\t\t<div class=\"elementor-widget-wrap elementor-element-populated\">\n\t\t\t\t\t\t<div class=\"elementor-element elementor-element-2581818b elementor-invisible elementor-widget elementor-widget-heading\" data-id=\"2581818b\" data-element_type=\"widget\" data-e-type=\"widget\" data-settings=\"{&quot;_animation&quot;:&quot;zoomIn&quot;}\" data-widget_type=\"heading.default\">\n\t\t\t\t<div class=\"elementor-widget-container\">\n\t\t\t\t\t<h4 class=\"elementor-heading-title elementor-size-default\">\u00bfC\u00d3MO CONVERTIRSE EN AUSPICIADOR COMERCIAL?<\/h4>\t\t\t\t<\/div>\n\t\t\t\t<\/div>\n\t\t\t\t<section class=\"elementor-section elementor-inner-section elementor-element elementor-element-35c86c88 elementor-section-content-middle elementor-section-boxed elementor-section-height-default elementor-section-height-default\" data-id=\"35c86c88\" data-element_type=\"section\" data-e-type=\"section\">\n\t\t\t\t\t\t<div class=\"elementor-container elementor-column-gap-no\">\n\t\t\t\t\t<div class=\"elementor-column elementor-col-100 elementor-inner-column elementor-element elementor-element-7e991b79\" data-id=\"7e991b79\" data-element_type=\"column\" data-e-type=\"column\">\n\t\t\t<div class=\"elementor-widget-wrap elementor-element-populated\">\n\t\t\t\t\t\t<div class=\"elementor-element elementor-element-914c5e9 elementor-widget elementor-widget-spacer\" data-id=\"914c5e9\" data-element_type=\"widget\" data-e-type=\"widget\" data-widget_type=\"spacer.default\">\n\t\t\t\t<div class=\"elementor-widget-container\">\n\t\t\t\t\t\t\t<div class=\"elementor-spacer\">\n\t\t\t<div class=\"elementor-spacer-inner\"><\/div>\n\t\t<\/div>\n\t\t\t\t\t\t<\/div>\n\t\t\t\t<\/div>\n\t\t\t\t<div class=\"elementor-element elementor-element-cc34cd8 elementor-widget elementor-widget-text-editor\" data-id=\"cc34cd8\" data-element_type=\"widget\" data-e-type=\"widget\" data-widget_type=\"text-editor.default\">\n\t\t\t\t<div class=\"elementor-widget-container\">\n\t\t\t\t\t\t\t\t\t<p>Para m\u00e1s informaci\u00f3n y conocer c\u00f3mo colaborar con nosotros, comun\u00edcate con nuestra encargada de auspicios, <strong data-start=\"248\" data-end=\"267\">Ana Paula Silva<\/strong>. Estar\u00e1 encantada de brindarte todos los detalles.<\/p>\t\t\t\t\t\t\t\t<\/div>\n\t\t\t\t<\/div>\n\t\t\t\t<div class=\"elementor-element elementor-element-a95bbca elementor-view-stacked elementor-position-inline-start elementor-shape-circle elementor-mobile-position-block-start elementor-widget elementor-widget-icon-box\" data-id=\"a95bbca\" data-element_type=\"widget\" data-e-type=\"widget\" data-widget_type=\"icon-box.default\">\n\t\t\t\t<div class=\"elementor-widget-container\">\n\t\t\t\t\t\t\t<div class=\"elementor-icon-box-wrapper\">\n\n\t\t\t\t\t\t<div class=\"elementor-icon-box-icon\">\n\t\t\t\t<span  class=\"elementor-icon\">\n\t\t\t\t<i aria-hidden=\"true\" class=\"fas fa-phone-alt\"><\/i>\t\t\t\t<\/span>\n\t\t\t<\/div>\n\t\t\t\n\t\t\t\t\t\t<div class=\"elementor-icon-box-content\">\n\n\t\t\t\t\t\t\t\t\t<h1 class=\"elementor-icon-box-title\">\n\t\t\t\t\t\t<span  >\n\t\t\t\t\t\t\tHABLEMOS POR WHATSAPP:\t\t\t\t\t\t<\/span>\n\t\t\t\t\t<\/h1>\n\t\t\t\t\n\t\t\t\t\t\t\t\t\t<p class=\"elementor-icon-box-description\">\n\t\t\t\t\t\t\u00a0(+51) 986 647 344\t\t\t\t\t<\/p>\n\t\t\t\t\n\t\t\t<\/div>\n\t\t\t\n\t\t<\/div>\n\t\t\t\t\t\t<\/div>\n\t\t\t\t<\/div>\n\t\t\t\t<div class=\"elementor-element elementor-element-6b87de6 elementor-view-stacked elementor-position-inline-start elementor-shape-circle elementor-mobile-position-block-start elementor-widget elementor-widget-icon-box\" data-id=\"6b87de6\" data-element_type=\"widget\" data-e-type=\"widget\" data-widget_type=\"icon-box.default\">\n\t\t\t\t<div class=\"elementor-widget-container\">\n\t\t\t\t\t\t\t<div class=\"elementor-icon-box-wrapper\">\n\n\t\t\t\t\t\t<div class=\"elementor-icon-box-icon\">\n\t\t\t\t<span  class=\"elementor-icon\">\n\t\t\t\t<i aria-hidden=\"true\" class=\"fas fa-phone-volume\"><\/i>\t\t\t\t<\/span>\n\t\t\t<\/div>\n\t\t\t\n\t\t\t\t\t\t<div class=\"elementor-icon-box-content\">\n\n\t\t\t\t\t\t\t\t\t<h1 class=\"elementor-icon-box-title\">\n\t\t\t\t\t\t<span  >\n\t\t\t\t\t\t\tTELEFONO:\t\t\t\t\t\t<\/span>\n\t\t\t\t\t<\/h1>\n\t\t\t\t\n\t\t\t\t\t\t\t\t\t<p class=\"elementor-icon-box-description\">\n\t\t\t\t\t\t (+51) 986 647 344\t\t\t\t\t<\/p>\n\t\t\t\t\n\t\t\t<\/div>\n\t\t\t\n\t\t<\/div>\n\t\t\t\t\t\t<\/div>\n\t\t\t\t<\/div>\n\t\t\t\t<div class=\"elementor-element elementor-element-b17179c elementor-view-stacked elementor-position-inline-start elementor-shape-circle elementor-mobile-position-block-start elementor-widget elementor-widget-icon-box\" data-id=\"b17179c\" data-element_type=\"widget\" data-e-type=\"widget\" data-widget_type=\"icon-box.default\">\n\t\t\t\t<div class=\"elementor-widget-container\">\n\t\t\t\t\t\t\t<div class=\"elementor-icon-box-wrapper\">\n\n\t\t\t\t\t\t<div class=\"elementor-icon-box-icon\">\n\t\t\t\t<span  class=\"elementor-icon\">\n\t\t\t\t<i aria-hidden=\"true\" class=\"far fa-envelope\"><\/i>\t\t\t\t<\/span>\n\t\t\t<\/div>\n\t\t\t\n\t\t\t\t\t\t<div class=\"elementor-icon-box-content\">\n\n\t\t\t\t\t\t\t\t\t<h1 class=\"elementor-icon-box-title\">\n\t\t\t\t\t\t<span  >\n\t\t\t\t\t\t\tEMAIL:\t\t\t\t\t\t<\/span>\n\t\t\t\t\t<\/h1>\n\t\t\t\t\n\t\t\t\t\t\t\t\t\t<p class=\"elementor-icon-box-description\">\n\t\t\t\t\t\tana.silva@grupomilenium.pe\t\t\t\t\t<\/p>\n\t\t\t\t\n\t\t\t<\/div>\n\t\t\t\n\t\t<\/div>\n\t\t\t\t\t\t<\/div>\n\t\t\t\t<\/div>\n\t\t\t\t\t<\/div>\n\t\t<\/div>\n\t\t\t\t\t<\/div>\n\t\t<\/section>\n\t\t\t\t\t<\/div>\n\t\t<\/div>\n\t\t\t\t\t<\/div>\n\t\t<\/section>\n\t\t\t\t<\/div>\n\t\t","protected":false},"excerpt":{"rendered":"<p>\u00bfC\u00d3MO CONVERTIRSE EN AUSPICIADOR COMERCIAL? Para m\u00e1s informaci\u00f3n y conocer c\u00f3mo colaborar con nosotros, comun\u00edcate con nuestra encargada de auspicios, Ana Paula Silva. Estar\u00e1 encantada de brindarte todos los detalles. HABLEMOS POR WHATSAPP: \u00a0(+51) 986 647 344 TELEFONO: (+51) 986 647 344 EMAIL: ana.silva@grupomilenium.pe<\/p>\n","protected":false},"author":1,"featured_media":0,"parent":0,"menu_order":0,"comment_status":"closed","ping_status":"closed","template":"","meta":{"footnotes":""},"class_list":["post-178","page","type-page","status-publish","hentry"],"_links":{"self":[{"href":"https:\/\/pafns2027montevideo.com\/index.php\/wp-json\/wp\/v2\/pages\/178","targetHints":{"allow":["GET"]}}],"collection":[{"href":"https:\/\/pafns2027montevideo.com\/index.php\/wp-json\/wp\/v2\/pages"}],"about":[{"href":"https:\/\/pafns2027montevideo.com\/index.php\/wp-json\/wp\/v2\/types\/page"}],"author":[{"embeddable":true,"href":"https:\/\/pafns2027montevideo.com\/index.php\/wp-json\/wp\/v2\/users\/1"}],"replies":[{"embeddable":true,"href":"https:\/\/pafns2027montevideo.com\/index.php\/wp-json\/wp\/v2\/comments?post=178"}],"version-history":[{"count":46,"href":"https:\/\/pafns2027montevideo.com\/index.php\/wp-json\/wp\/v2\/pages\/178\/revisions"}],"predecessor-version":[{"id":2135,"href":"https:\/\/pafns2027montevideo.com\/index.php\/wp-json\/wp\/v2\/pages\/178\/revisions\/2135"}],"wp:attachment":[{"href":"https:\/\/pafns2027montevideo.com\/index.php\/wp-json\/wp\/v2\/media?parent=178"}],"curies":[{"name":"wp","href":"https:\/\/api.w.org\/{rel}","templated":true}]}}